 base 13.
-13b
Convert -184 (base 9) to base 7.
-313
What is 1 (base 11) in base 12?
1
What is 0 (base 12) in base 4?
0
What is -2 (base 16) in base 9?
-2
What is -52 (base 10) in base 12?
-44
2 (base 5) to base 14
2
What is 5 (base 12) in base 7?
5
Convert 2 (base 14) to base 15.
2
-26 (base 7) to base 14
-16
b (base 12) to base 14
b
-16 (base 14) to base 11
-19
Convert -1a (base 16) to base 7.
-35
Convert -11000 (base 2) to base 4.
-120
What is -1c (base 15) in base 2?
-11011
What is -172 (base 11) in base 5?
-1300
-3 (base 9) to base 10
-3
What is 1021 (base 3) in base 14?
26
-30 (base 4) to base 8
-14
-57 (base 10) to base 11
-52
Convert -bb (base 12) to base 3.
-12022
Convert -110 (base 2) to base 9.
-6
Convert -25 (base 10) to base 14.
-1b
What is -11011 (base 3) in base 8?
-160
2 (base 10) to base 11
2
5 (base 15) to base 13
5
What is 0 (base 3) in base 14?
0
What is 238 (base 10) in base 15?
10d
-8 (base 10) to base 9
-8
What is 1 (base 11) in base 2?
1
3 (base 12) to base 5
3
What is -10111000 (base 2) in base 15?
-c4
What is -1110101 (base 2) in base 13?
-90
-21 (base 4) to base 16
-9
Convert 12 (base 8) to base 14.
a
Convert 3 (base 5) to base 14.
3
Convert 18c (base 13) to base 14.
165
Convert -20 (base 5) to base 4.
-22
-1 (base 5) to base 14
-1
Convert -1 (base 10) to base 15.
-1
What is -40 (base 8) in base 16?
-20
Convert 8 (base 16) to base 13.
8
4a (base 16) to base 8
112
7 (base 8) to base 7
10
What is -43 (base 5) in base 7?
-32
-233 (base 5) to base 4
-1010
What is 10001110 (base 2) in base 16?
8e
What is -76 (base 12) in base 8?
-132
What is 1021 (base 4) in base 7?
133
What is b (base 14) in base 15?
b
-7 (base 10) to base 6
-11
-6 (base 9) to base 5
-11
Convert -3 (base 7) to base 5.
-3
What is -1 (base 12) in base 4?
-1
-2 (base 4) to base 2
-10
What is -321 (base 6) in base 14?
-89
Convert 2 (base 6) to base 16.
2
Convert 40 (base 6) to base 14.
1a
Convert -7 (base 12) to base 3.
-21
Convert -2110 (base 3) to base 14.
-4a
What is 111 (base 2) in base 14?
7
-11 (base 8) to base 3
-100
What is -6 (base 12) in base 16?
-6
-b (base 15) to base 13
-b
What is 64 (base 7) in base 8?
56
-29 (base 12) to base 14
-25
Convert 34 (base 6) to base 10.
22
What is 1 (base 7) in base 2?
1
What is -8 (base 13) in base 14?
-8
-110100 (base 3) to base 12
-239
Convert -1010110 (base 2) to base 4.
-1112
Convert 2 (base 16) to base 2.
10
Convert -115 (base 9) to base 5.
-340
-10 (base 3) to base 11
-3
What is -27 (base 16) in base 7?
-54
What is 4 (base 6) in base 7?
4
Convert -6 (base 13) to base 4.
-12
What is -10101 (base 2) in base 4?
-111
What is 22 (base 4) in base 13?
a
What is 5 (base 9) in base 13?
5
be (base 16) to base 4
2332
Convert -6 (base 9) to base 3.
-20
-33 (base 10) to base 5
-113
What is 43 (base 15) in base 8?
77
-4 (base 5) to base 6
-4
56 (base 13) to base 7
131
-37 (base 10) to base 5
-122
What is 2 (base 13) in base 3?
2
Convert -209 (base 10) to base 7.
-416
Convert -d (base 15) to base 16.
-d
What is -4b (base 13) in base 3?
-2100
What is 1 (base 14) in base 6?
1
What is 31 (base 5) in base 2?
10000
0 (base 10) to base 14
0
161 (base 11) to base 10
188
What is -11 (base 5) in base 6?
-10
-25 (base 9) to base 3
-212
1 (base 10) to base 14
1
Convert 1 (base 11) to base 13.
1
Convert -9 (base 16) to base 3.
-100
0 (base 11) to base 2
0
Convert -3 (base 13) to base 2.
-11
What is 57 (base 12) in base 11?
61
What is -100101101 (base 2) in base 8?
-455
-103 (base 5) to base 13
-22
Convert 1 (base 13) to base 10.
1
What is 154 (base 9) in base 14?
94
What is 2 (base 16) in base 9?
2
36 (base 10) to base 5
121
What is 13 (base 9) in base 3?
110
What is -3 (base 13) in base 2?
-11
-3 (base 10) to base 11
-3
-2 (base 5) to base 9
-2
What is -3 (base 4) in base 5?
-3
What is -104 (base 9) in base 16?
-55
What is 45 (base 15) in base 2?
1000001
Convert -1a (base 13) to base 3.
-212
What is -15 (base 13) in base 14?
-14
What is 3 (base 13) in base 15?
3
Convert 9 (base 13) to base 2.
1001
213 (base 8) to base 5
1024
11 (base 10) to base 5
21
What is -2313 (base 5) in base 13?
-1c8
11 (base 2) to base 6
3
Convert -1003 (base 4) to base 11.
-61
What is 0 (base 9) in base 12?
0
What is 4 (base 5) in base 13?
4
-441 (base 6) to base 3
-20021
121 (base 9) to base 14
72
What is -7 (base 13) in base 5?
-12
100 (base 7) to base 5
144
What is -4 (base 5) in base 9?
-4
Convert a (base 14) to base 6.
14
What is -41 (base 16) in base 3?
-2102
-12 (base 14) to base 3
-121
What is -243 (base 8) in base 7?
-322
What is -23 (base 12) in base 8?
-33
What is 3 (base 15) in base 11?
3
Convert 3b (base 13) to base 15.
35
7 (base 13) to base 10
7
What is -a0 (base 13) in base 14?
-94
Convert 0 (base 12) to base 10.
0
What is 3 (base 6) in base 2?
11
3 (base 4) to base 16
3
What is -100000111 (base 2) in base 10?
-263
4 (base 11) to base 15
4
240 (base 6) to base 4
1200
What is 25 (base 14) in base 16?
21
16 (base 8) to base 10
14
200 (base 11) to base 15
112
Convert 1 (base 9) to base 15.
1
What is 16 (base 15) in base 11?
1a
What is -4e (base 15) in base 7?
-134
Convert 34 (base 12) to base 13.
31
Convert -252 (base 9) to base 5.
-1314
-19 (base 15) to base 8
-30
Convert 65 (base 8) to base 11.
49
Convert 130 (base 11) to base 9.
181
Convert -21 (base 6) to base 11.
-12
-4 (base 10) to base 5
-4
What is 12 (base 15) in base 4?
101
Convert 1a1 (base 14) to base 10.
337
0 (base 11) to base 5
0
What is -b1 (base 16) in base 7?
-342
What is -101001 (base 2) in base 8?
-51
What is 543 (base 6) in base 16?
cf
Convert 3 (base 16) to base 2.
11
Convert 2 (base 15) to base 11.
2
What is 0 (base 16) in base 4?
0
10 (base 2) to base 11
2
What is -b (base 14) in base 15?
-b
Convert 33 (base 8) to base 2.
11011
What is 0 (base 3) in base 6?
0
What is 101110 (base 2) in base 15?
31
20 (base 5) to base 7
13
What is -2 (base 4) in base 6?
-2
-70 (base 14) to base 9
-118
-216 (base 9) to base 3
-20120
-2 (base 7) to base 5
-2
Convert 8 (base 14) to base 9.
8
Convert -167 (base 12) to base 6.
-1011
Convert -1230 (base 4) to base 14.
-7a
What is 5 (base 15) in base 10?
5
6b (base 12) to base 7
146
-10111 (base 3) to base 7
-163
-2 (base 8) to base 9
-2
-220 (base 3) to base 10
-24
44 (base 10) to base 3
1122
10101 (base 2) to base 3
210
-1110100 (base 2) to base 14
-84
What is -13 (base 14) in base 4?
-101
What is -204 (base 6) in base 10?
-76
Convert 1 (base 10) to base 9.
1
-21121 (base 3) to base 2
-11001101
-28 (base 9) to base 8
-32
-18 (base 13) to base 12
-19
Convert -2 (base 13) to base 9.
-2
6 (base 16) to base 10
6
Convert -110001 (base 2) to base 6.
-121
-432 (base 5) to base 10
-117
Convert -b1 (base 15) to base 6.
-434
-32 (base 8) to base 6
-42
What is -57 (base 13) in base 11?
-66
-1000010 (base 2) to base 8
-102
Convert 0 (base 11) to base 8.
0
Convert 8 (base 11) to base 13.
8
What is -50 (base 15) in base 12?
-63
-10010000 (base 2) to base 9
-170
Convert 422 (base 6) to base 9.
185
10 (base 10) to base 9
11
What is -a1 (base 13) in base 5?
-1011
561 (base 7) to base 15
143
-3 (base 9) to base 16
-3
Convert 1 (base 15) to base 7.
1
Convert 2 (base 3) to base 13.
2
-10 (base 3) to base 6
-3
0 (base 16) to base 10
0
Convert 2 (base 7) to base 4.
2
-4 (base 15) to base 6
-4
What is 3 (base 10) in base 5?
3
Convert 304 (base 5) to base 6.
211
Convert 18 (base 14) to base 5.
42
What is 1301 (base 5) in base 8?
311
Convert -eb (base 16) to base 3.
-22201
-19 (base 12) to base 3
-210
What is 264 (base 7) in base 11?
121
Convert 1 (base 16) to base 8.
1
4 (base 5) to base 4
10
14 (base 16) to base 10
20
30 (base 10) to base 5
110
204 (base 6) to base 4
1030
0 (base 9) to base 10
0
-10 (base 5) to base 10
-5
What is -1233 (base 4) in base 3?
-11010
-3 (base 16) to base 15
-3
Convert 14 (base 15) to base 13.
16
Convert -2 (base 5) to base 8.
-2
What is -1c (base 16) in base 4?
-130
3 (base 15) to base 3
10
Convert -1 (base 2) to base 14.
-1
5 (base 14) to base 5
10
Convert 110001 (base 2) to base 14.
37
Convert -65 (base 8) to base 12.
-45
What is 4 (base 16) in base 5?
4
16 (base 9) to base 12
13
-2110 (base 3) to base 7
-123
Convert 4 (base 6) to base 4.
10
Convert 29 (base 14) to base 6.
101
What is 24 (base 9) in base 7?
31
Convert -14 (base 12) to